*s + g, -n = 3*s. List the prime factors of n.
2, 3
Suppose 0 = -u + 37 + 16. What are the prime factors of u?
53
Let l(z) = z**2 - 7*z - 26. What are the prime factors of l(-9)?
2, 59
Suppose 5*f - 25 = -5*w, -4*w - 4*f + 11 = -3*w. Let x be (1 - w - -6)*-2. What are the prime factors of 0 - (-4)/(x/(-14))?
7
Suppose 2*h - 4*g = -8*g + 26, 5*g = 25. Let w(n) = 8*n + 1. Let z be w(1). Let m = z - h. List the prime factors of m.
2, 3
Suppose 0 = 5*o - 3*o - 2. Let h = o - 5. What are the prime factors of ((-8)/(-10))/(h/(-40))?
2
Let k = 44 - -35. List the prime factors of k.
79
Let q(x) = x**3 + 15*x**2 + 11*x - 3. What are the prime factors of q(-13)?
2, 3
Let x be (-20)/(-11) + (-2)/(-11). Suppose 13 - 1 = 4*v. Suppose -v*b - a - 24 = -5*b, 5*a = x*b - 32. List the prime factors of b.
11
Let c = -10 + 18. Let j = c + -6. Suppose -4*k - j*v - 30 = -6*k, -3*k + 13 = 5*v. List the prime factors of k.
11
Suppose 0 = 2*o - 133 + 3. What are the prime factors of o?
5, 13
Suppose -2*l - l = -726. List the prime factors of l.
2, 11
Let q(u) = -4*u**2 + 2 + 3*u**3 - 2*u**3 + 0*u**3 + 2*u**2 - 2*u. Let y be q(3). Suppose 4*c - 54 = 5*f - 2*f, 5*f - 85 = -y*c. List the prime factors of c.
3, 5
Let t(y) be the first derivative of y**4/4 + 2*y**3 - y**2/2 + 3*y + 8. List the prime factors of t(-5).
3, 11
Let r be -10*1*(-9)/18. Suppose -94 = -r*a + 2*z, -4*a + z + 77 = -0*z. What are the prime factors of a?
2, 5
Suppose -4*u = -5 - 7. Let b = 0 + u. Suppose -b*m = 8 + 7, 0 = h + 4*m + 9. List the prime factors of h.
11
Let l(y) = 87*y - 88. List the prime factors of l(5).
347
Let z(a) = 2*a - 2. Let d(q) be the first derivative of -3*q**4/2 + q - 2. Let g be d(-1). List the prime factors of z(g).
2, 3
Let b(z) = z + 0*z - 1 + 2 + 27*z**2 + 0. What are the prime factors of b(-1)?
3
Let c = -22 - -52. What are the prime factors of c?
2, 3, 5
Suppose 0 = 6*j - j, 0 = 3*c + 3*j - 18. What are the prime factors of c?
2, 3
Suppose 2*x = -3*x + 15. Suppose -5*o + 34 = -x*u, 0 = -0*o + 3*o - 3*u - 24. What are the prime factors of o?
5
Suppose 3*a - 3*m = 390, -244 = -3*a - m + 138. Suppose 4*x - 3*i = i + a, x + 3*i = 16. What are the prime factors of x?
2, 7
Let d = -6 - -8. Let z be 16/(d/2) - -2. What are the prime factors of z/8*(-32)/(-12)?
2, 3
Let x(g) = -g - 3. Let k be x(-8). Suppose -k*r + 42 = -2*r. What are the prime factors of r?
2, 7
Suppose -1 = f - 4. Suppose -f*r - 2*l - 3 = -0*r, -3*l - 7 = 2*r. What are the prime factors of (5 - 1) + (0 - r)?
3
Let s = 31 - 12. List the prime factors of s.
19
Suppose 2*z = -3*n + 97, -4*z + 173 = 2*n - 3*n. List the prime factors of z.
2, 11
Let r(l) = l**2 + l + 6. List the prime factors of r(-4).
2, 3
Let c(j) = 6*j**3 - 2*j**2 + 5. Let w(t) = -7*t**3 + t**2 - 5. Let k(y) = 6*c(y) + 5*w(y). List the prime factors of k(7).
5
Suppose 0 = -2*h - 2 - 0. What are the prime factors of (3 + 1*-30)/h?
3
Let o(u) = u**2 + u + 9. Let k be o(0). What are the prime factors of k/(-2)*(7 - 9)?
3
Let u = 97 - 36. What are the prime factors of u?
61
Suppose 3*w = -y - 1, 0 = -4*w - w + 5*y - 35. Let x be (-3)/w - 2/(-4). Suppose -i = x*i - 36. What are the prime factors of i?
2, 3
Suppose -617 = -7*w + 748. What are the prime factors of w?
3, 5, 13
Suppose 3*s + 2*s - 21 = -4*z, -3*z = -5*s - 7. Let t be 0 + 2 + -5 + s. What are the prime factors of (0 + 3)*t/(-3)?
2
Suppose -o + 24 = -4*z - 44, -z = -5*o + 245. What are the prime factors of o?
2, 3
Let c(p) = -p**3 - 2*p**2. Let q = -3 - -5. Suppose -3 = -z, -9 = -a - 2*z - q*z. List the prime factors of c(a).
3
Suppose 3*b = -4*m - 1, -2*b = -3*m + m + 24. Let q(w) = w**3 + 6*w**2 - 8*w + 1. What are the prime factors of q(b)?
2
Suppose 1 = 3*a + 4. Let p(j) = 10*j**2 - 1. Let i be p(a). Suppose -s - 3*c = -21, -s - 3*c + i = -2*s. What are the prime factors of s?
2, 3
Suppose -4*w + 3*w + 12 = 0. List the prime factors of 44/w - 2/(-6).
2
Let u(x) = -2*x - 9 - x**3 - 2*x - 6 + 6 - 9*x**2. List the prime factors of u(-9).
3
Suppose 5*o - 371 = -3*b + 104, b - 387 = -4*o. List the prime factors of o.
2, 7
Suppose -5*z + 3*m = 5*m - 40, 0 = z - 2*m + 4. Suppose -2*g + 8 = -2*l, g - 6*g = -2*l - 20. Let r = z + g. List the prime factors of r.
2, 5
Let x = -2 - -65. List the prime factors of x.
3, 7
Let p be (24/(-15))/(2/(-5)). Suppose -2*n = -p*j - 8 + 28, n = 2. List the prime factors of j.
2, 3
Let f(v) be the third derivative of v**6/40 - v**5/15 + v**4/8 - v**2. Let k = -4 - -6. What are the prime factors of f(k)?
2, 7
Suppose -5*d = -l + 4*l + 4, -d - 5*l - 14 = 0. Suppose -b - d = 13. What are the prime factors of -3 + -1 + 2 - b?
2, 3
List the prime factors of 4/(16/12) + 88.
7, 13
Suppose -q - 5*i + 230 = 0, 5*q + 2*i - 120 = 984. What are the prime factors of q?
2, 5, 11
What are the prime factors of (4/(-2))/(1/(-14))?
2, 7
Let d(g) = -g**3 - g**2 - 1. Let a(z) = -4*z**2 - 3*z + 4. Let q(l) = -a(l) - d(l). What are the prime factors of q(-3)?
2, 3
Suppose -2*j + 15 = -5*f, 2*f = j - 7 + 1. Let d = 10 + f. What are the prime factors of d?
7
Let z(v) = -v**2 - 6*v - 5. Let y be z(-3). What are the prime factors of 104/y - (-2)/(-2)?
5
Let u = 7 - 4. Suppose -2 + 1 = 3*i + 2*s, 1 = -4*i - u*s. Let t = i + 4. List the prime factors of t.
3
Let l be (-10)/(-15) + 4/3. List the prime factors of 0 - -1 - (-6 - l).
3
Suppose -m - m = 0. Let j(r) = -2*r**3 + 2*r**2 + 3*r**3 + m*r**2 - r. What are the prime factors of j(2)?
2, 7
Let x = -13 + 28. List the prime factors of x.
3, 5
Suppose 2*y - 2 - 2 = 0. Let f be (1/y)/((-3)/(-36)). Let x(t) = t**2 - 6*t + 9. What are the prime factors of x(f)?
3
Suppose -4*h + 3 + 13 = 0. Suppose -h*t + 120 = t. Suppose 0 = -4*k + 2*i + t, 3*k - 5*i - 17 = 15. List the prime factors of k.
2
Let o be 16/6*6/2. Let f be 2/o + 33/12. Suppose -8 = -d - f. List the prime factors of d.
5
Let m = 162 - 75. List the prime factors of m.
3, 29
Let b be 6/(-15) - (-33)/(-5). Let l = -1 - b. Let g = 10 - l. What are the prime factors of g?
2
Let q(n) = 73*n**2 + n + 2. List the prime factors of q(-1).
2, 37
Let o be 42*(-12)/(-56)*4. Suppose d + 2*n = 2*d - o, -3*n - 6 = 0. List the prime factors of d.
2
Let c = -3 - -4. Let v be -1*c + (-5 - -3). Let q = -1 - v. What are the prime factors of q?
2
Suppose -3*u - 8 = 4*y, -5*y - 3 = u + u. Let i = y - -2. Suppose 5*b - 4*w - 37 = 0, -i*w - 34 = -5*b - 0*w. What are the prime factors of b?
5
Let y(f) = 0*f - 9*f**3 + 8*f**3 + 1 - 2 - f. What are the prime factors of y(-2)?
3
Let k(q) = q**2 + 13*q - 5. Let m be k(-11). List the prime factors of 6/27 + (-642)/m.
2, 3
Let w be (-64)/(-3) - (-2)/3. Suppose 0*x - 7 = -2*a - x, a - 11 = -3*x. Suppose 0*i = -a*i + w. List the prime factors of i.
11
Let t(m) = 3*m**3 - 34*m**2 + 31*m - 12. Let x(c) = -c**3 + 11*c**2 - 10*c + 4. Let r(o) = 2*t(o) + 7*x(o). What are the prime factors of r(8)?
2
Let c(n) = -13*n + 3. Suppose 0 = -4*x + 4*k - 12, -4*k + 5*k = 0. What are the prime factors of c(x)?
2, 3, 7
Suppose 5*z = -2*f + 20, -f - 2*f = 2*z - 19. Suppose 4*y - f*j - 164 = -2*j, 0 = 5*y - 3*j - 205. List the prime factors of y.
41
Let p = -474 - -704. List the prime factors of p.
2, 5, 23
Let y(d) = -3*d. Suppose u + 5*p + 14 = 2*u, 3*p = -9. Let f be y(u). Suppose z = 14 - f. List the prime factors of z.
11
Suppose -5*p - 4*v = 84, 2*p + 4*v = -0*v - 24. Let n = -5 - p. Let w = n + -7. What are the prime factors of w?
2
Suppose -c + 7 = -0*c - h, -3*c = -4*h - 24. List the prime factors of c.
2
Let s(p) = -p + 12. Let v be 10 - (2 + 0) - -2. List the prime factors of s(v).
2
Let y be 6/12 + 7/2. Suppose -y*v = 2*p - 6, 0 = 4*v + 5*p - 3. Suppose 0 = -2*s - 2, -x + 28 = -v*s + 7. What are the prime factors of x?
19
Let o = 4 + -4. Suppose 0 = -o*g + 2*g - 58. List the prime factors of g.
29
Let s be 2/8 - (-81)/(-36). What are the prime factors of (-19)/s + (-2)/4?
3
Suppose 0*b = 5*b - 185. List the prime factors of b.
37
Suppose -u = -3*x - 251, 3*u + 0*x - 3*x - 771 = 0. List the prime factors of u.
2, 5, 13
Suppose 5*z - 300 = -3*l + 85, 2*l + 3*z = 256. List the prime factors of l.
5
Let b(n) = 5*n + 4. List the prime factors of b(6).
2, 17
Let r(a) = a**3 + 4*a**2 - 3*a + 7. Let v be r(-5). Let x be (-106)/(-4) + v/(-6). Let m = -10 + x. List the pr